).
-129
Let j(f) = f**3 + 6*f**2 - 34*f - 163. Determine j(-7).
26
Let g(h) = 1423*h + 51224. What is g(-36)?
-4
Let g(v) = v**3 - 111*v**2 + 1051*v - 413. Determine g(10).
-3
Let n(b) = 5*b + 127. What is n(-25)?
2
Let j(i) = i**3 + 69*i**2 + 76*i + 548. Determine j(-68).
4
Let l(y) = y**3 - 97*y**2 - 133*y + 3425. What is l(98)?
-5
Let g(a) = a + 51. Determine g(-32).
19
Let z(j) = -2*j**3 + 4*j**2 - 37*j + 247. Give z(5).
-88
Let i(t) = -7*t**2 - 97*t + 90. Give i(-14).
76
Let r(l) = -8*l**2 + 52*l - 71. Give r(2).
1
Let s(r) = 20*r + 323. Calculate s(-15).
23
Let t(b) = -25*b + 472. What is t(19)?
-3
Let i(l) = l**3 - 23*l**2 - 23*l - 47. Calculate i(24).
-23
Let c(j) = -14*j - 626. What is c(-41)?
-52
Let w(f) = -323*f + 2581. Determine w(8).
-3
Let a(r) = 102*r - 5625. Calculate a(56).
87
Let a(n) = 243*n + 25518. Calculate a(-105).
3
Let z(h) = h**3 - 37*h**2 + 136*h - 85. Calculate z(33).
47
Let c(x) = -28*x - 2013. What is c(-102)?
843
Let h(l) = 249*l - 16418. Determine h(66).
16
Let a(f) = -374*f + 19830. What is a(53)?
8
Let m(z) = 196*z + 2373. Calculate m(-16).
-763
Let m(d) = 40*d**2 - 9*d - 8. Give m(-2).
170
Let p(j) = j**3 + 3*j**2 - 12*j - 63. What is p(10)?
1117
Let z(o) = -4*o**3 + 340*o**2 + 5*o - 390. Determine z(85).
35
Let b(g) = -4*g**2 - 114*g + 135. What is b(-13)?
941
Let k(z) = 28*z + 240. What is k(-8)?
16
Let l(k) = -28*k + 342. Give l(12).
6
Let n(i) = -2*i**3 + 13*i**2 + 8*i - 12. What is n(7)?
-5
Let o(s) = -s**3 + 15*s**2 - 18*s + 228. Calculate o(16).
-316
Let x(m) = m**2 + 744*m + 18684. Give x(-26).
16
Let s(f) = 5*f - 31. What is s(4)?
-11
Let a(y) = -16*y - 83. Calculate a(-4).
-19
Let o(w) = -7*w**2 + 267*w - 545. Determine o(36).
-5
Let t(f) = -f**3 - 8*f**2 - 95*f - 943. Calculate t(-9).
-7
Let i(r) = -142*r**2 + 181*r - 55. What is i(1)?
-16
Let w(h) = -h**3 - 54*h**2 - 13*h - 597. Determine w(-54).
105
Let m(d) = -2*d**2 + 55*d - 151. Determine m(19).
172
Let u(b) = -b**2 + 33*b - 340. Calculate u(14).
-74
Let q(f) = -f**3 + 345*f**2 - 691*f + 1712. Determine q(343).
-3
Let q(z) = -10*z**2 - 2*z + 4. Give q(5).
-256
Let j(o) = o**3 + 3*o**2 + 23*o + 65. Give j(-3).
-4
Let b(f) = -100*f + 588. Give b(6).
-12
Let o(n) = n**3 - 77*n**2 + 74*n + 178. Determine o(76).
26
Let u(q) = 6*q**3 - 12*q**2 + 2*q + 3. Give u(2).
7
Let x(v) = -v**3 - 9*v**2 - 23*v - 6. Determine x(-6).
24
Let c(r) = r**2 - 9331*r - 37338. Give c(-4).
2
Let g(l) = 6*l**3 - 105*l**2 + 143*l + 2. Calculate g(16).
-14
Let r(g) = -9*g**2 + 471*g - 146. What is r(52)?
10
Let g(v) = 29*v - 1426. What is g(30)?
-556
Let u(w) = -178*w - 2873. Determine u(-16).
-25
Let v(m) = 7*m**3 - 34*m**2 + 15*m - 37. Calculate v(5).
63
Let k(y) = 81*y + 1127. What is k(-14)?
-7
Let w(u) = 9*u**2 - 10*u + 36. Calculate w(7).
407
Let x(a) = 5*a**3 - 2*a + 15. Determine x(3).
144
Let l(z) = -167*z - 756. Calculate l(-6).
246
Let u(n) = 64*n - 371. Calculate u(6).
13
Let o(v) = -7*v**2 - 65*v + 18. Determine o(-10).
-32
Let z(x) = x**3 - 10*x**2 - 704*x + 7611. Determine z(11).
-12
Let i(q) = -3*q + 34. Give i(-14).
76
Let a(o) = o**3 + 19*o**2 - 11*o + 5. What is a(0)?
5
Let x(l) = -l**3 + 13*l**2 + 50*l + 1. Calculate x(17).
-305
Let z(g) = g**2 + 97*g + 2290. Determine z(-41).
-6
Let o(x) = -138*x - 1915. Calculate o(-15).
155
Let t(o) = 149*o + 966. Calculate t(-7).
-77
Let n(v) = -42*v - 1365. Give n(-33).
21
Let h(g) = 40*g + 816. Calculate h(-21).
-24
Let r(i) = -30*i - 1406. What is r(-46)?
-26
Let d(s) = -s**3 + 8*s**2 + 7*s + 16. Determine d(6).
130
Let n(w) = w**2 + 4*w - 28. What is n(10)?
112
Let t(q) = q**2 + 35*q + 158. What is t(-19)?
-146
Let h(a) = -a**3 - 29*a**2 + 3*a + 21. Determine h(-28).
-847
Let b(d) = -4*d**3 - 249*d**2 + 8*d + 4357. Determine b(-62).
17
Let r(c) = 4*c**3 + 18*c**2 + 6*c + 7. Determine r(-5).
-73
Let c(u) = u**2 + 1320*u - 15947. Give c(12).
37
Let s(l) = 2*l**3 - 8*l**2 - 2*l + 28. What is s(4)?
20
Let x(p) = -3*p - 120. Give x(42).
-246
Let m(y) = -26*y**2 + 153*y - 151. Determine m(1).
-24
Let h(v) = 2*v**2 - 31*v + 207. Give h(15).
192
Let v(z) = -z**3 + 36*z**2 + 77*z - 27. Determine v(38).
11
Let l(z) = 313*z - 1258. Give l(4).
-6
Let m(b) = 2*b**3 - 6*b**2 + 21*b - 14. Determine m(5).
191
Let g(h) = 3*h**2 + 53*h + 22. What is g(-16)?
-58
Let o(l) = 2131*l - 8512. Calculate o(4).
12
Let z(t) = t**3 + 8*t**2 - 32*t + 16. Determine z(-11).
5
Let t(q) = 4*q**2 - 314*q + 158. Determine t(78).
2
Let u(o) = -6*o**3 + 8*o**2 - 17*o - 1. Determine u(2).
-51
Let g(r) = 36*r + 23. What is g(-4)?
-121
Let d(z) = z**3 + 5*z**2 + z + 322. What is d(-9)?
-11
Let q(s) = -1421*s + 96620. Determine q(68).
-8
Let d(j) = 484*j + 4350. Give d(-9).
-6
Let z(m) = 12*m - 32. What is z(-17)?
-236
Let b(g) = 2*g**3 + 4*g**2 + 2*g + 13. What is b(-6)?
-287
Let f(q) = 2*q**2 + 67*q + 154. Give f(-25).
-271
Let i(h) = h**3 + 117*h**2 - 121*h - 346. Give i(-118).
8
Let p(h) = 11*h + 196. Determine p(-9).
97
Let f(r) = r**3 - 21*r**2 + 2*r - 4. Give f(0).
-4
Let z(x) = x**2 - 136*x - 3296. Determine z(157).
1
Let l(m) = -m**2 + 6*m + 289. What is l(-14)?
9
Let f(m) = 22*m**2 - 412*m + 21. Give f(18).
-267
Let y(i) = 125*i**2 + 6247*i - 144. Calculate y(-50).
6
Let c(h) = 2*h**3 + 8*h**2 - 11. Give c(-3).
7
Let r(a) = 94*a - 4613. Calculate r(49).
-7
Let h(o) = -9*o**2 - 26*o + 1. Determine h(-4).
-39
Let v(c) = c**3 - 22*c**2 - 107*c - 755. Determine v(27).
1
Let p(w) = 3*w + 26. What is p(5)?
41
Let w(o) = 90*o + 325. What is w(-3)?
55
Let o(p) = 26*p + 585. Determine o(-25).
-65
Let c(b) = b**2 + 145*b + 1451. What is c(-11)?
-23
Let m(r) = r - 324. Give m(10).
-314
Let t(w) = 2*w**3 - 27*w**2 + 152*w - 70. Determine t(8).
442
Let n(s) = 53*s**2 - 29*s - 4. Give n(1).
20
Let q(y) = 3*y + 19. What is q(-5)?
4
Let l(i) = -i**2 + 18*i - 115. Calculate l(8).
-35
Let k(o) = -19*o**2 - 228*o + 14. Calculate k(-12).
14
Let b(p) = 2*p**3 + p**2 - 440. Determine b(0).
-440
Let p(i) = -2*i**3 - 91*i**2 - 25*i + 894. What is p(-45)?
-6
Let d(r) = -11*r + 75. Calculate d(8).
-13
Let a(u) = 86*u**3 - 2*u**2 + u. Calculate a(1).
85
Let r(w) = w**3 - 15*w**2 + 78*w - 167. Determine r(6).
-23
Let d(z) = -4*z - 292. Calculate d(-75).
8
Let s(d) = -3*d**2 - 39*d - 52. Determine s(-11).
14
Let u(g) = g**3 - 250*g**2 + 2623*g + 1428. What is u(239)?
-6
Let g(r) = -7*r**2 + 301*r - 282. Calculate g(42).
12
Let f(b) = -122*b - 1277. Give f(-7).
-423
Let b(w) = -w**2 - 246*w - 10781. What is b(-189)?
-8
Let l(f) = -2*f**3 + 10*f**2 - 5*f + 11. Give l(8).
-413
Let q(n) = -206*n + 638. Calculate q(3).
20
Let k(z) = -z**2 - 54*z + 761. Determine k(-66).
-31
Let r(a) = -544*a - 5414. Calculate r(-10).
26
Let s(o) = -3*o**3 + 73*o**2 + 47*o + 68. Determine s(25).
-7
Let d(x) = 5*x**3 - 2*x**2 - x - 4. What is d(4)?
280
Let c(f) = -35*f**3 - f - 6. Determine c(0).
-6
Let n(x) = -2*x**2 - 406*x + 9892. Give n(22).
-8
Let l(p) = 172*p**3 + 6*p**2 + 9*p + 3. Determine l(-1).
-172
Let a(m) = m**3 + 6*m**2 + 13*m + 12. What is a(-1)?
4
Let o(h) = -2*h**3 - 10*h**2 - 8*h - 10. Calculate o(-7).
242
Let v(y) = -5*y**3 - 55*y**2 - 9*y - 96. What is v(-11)?
3
Let d(p) = -p**3 - 11*p**2 - 73*p - 1299. What is d(-13)?
-12
Let j(o) = -17*o - 1485. Calculate j(-69).
-312
Let l(p) = 909*p + 306342. Calculate l(-337).
9
Let f(j) = 40*j - 2236. What is f(56)?
4
Let h(n) = -7*n + 155. Determine h(21).
8
Let f(u) = u + 137. Determine f(58).
195
Let r(t) = -4*t**2 - 47*t - 320. Give r(-8).
-200
Let a(n) = -98*n + 626. Determine a(5).
136
Let s(r) = 6746*r - 188907. What is s(28)?
-19
Let n(q) = -2*q**3 - 182*q**2 - 190*q - 912. Determine n(-90).
-12
Let g(h) = -50*h - 2468. Calculate g(-39).
-518
Let a(p) = -12*p**2 - 46*p + 20. Give a(-4).
12
Let z(t) = -5337*t + 154779. Calculate z(29).
6
Let d(h) = 94*h + 4. Calculate d(0).
4
Let a(g) = -1168*g - 35042. Calculate a(-30).
-2
Let s(q) = -232*q**3 - 1. Give s(1).
-233
Let m(z) = -9*z**2 + 103*z + 52. Determine m(12).
-8
Let h(p) = -8*p**2 + 6*p - 22. Give h(3).
-76
Let g(b) = -2*b**2 + 170*b - 1080. Calculate g(78).
12
Let i(m) = -2*m**2 + 32*m - 125. Determine i(8).
3
Let c(q) = q**3 - 29*q**2 - 25*q - 144. Calculate c(30).
6
Let j(n) = 458*n - 87480. What is j(191)?
-2
Let p(y) = 1056*y - 5271. What is p(5)?
9
Let s(v) = -v*